alculate o(6).
279
Let v(g) = 24*g**2 - 145*g + 12. Determine v(6).
6
Let w(v) = -v**2 + 78*v - 842. Give w(63).
103
Let r(y) = -300*y + 634. What is r(2)?
34
Let p(i) = -i**2 + 25*i + 105. Determine p(-3).
21
Let l(k) = k**3 - 123*k**2 - 271*k + 2616. Calculate l(125).
-9
Let u(z) = 2*z**2 - 12*z - 6. Determine u(10).
74
Let c(r) = r**3 + 11*r**2 - 82*r - 341. What is c(-15)?
-11
Let w(u) = -3*u**2 + 123*u - 617. What is w(5)?
-77
Let m(p) = p**2 - 14*p - 408. Give m(-11).
-133
Let f(s) = -188*s + 17288. Determine f(92).
-8
Let l(x) = -925*x + 2770. Determine l(3).
-5
Let n(u) = -u**3 + 7*u**2 + 4*u - 5. Give n(-4).
155
Let c(w) = -151*w + 11179. Determine c(74).
5
Let n(p) = -17*p - 430. Give n(-25).
-5
Let u(x) = -6*x**2 + 33*x + 46. Determine u(8).
-74
Let p(o) = 2363*o + 23630. Give p(-10).
0
Let k(i) = -43*i - 2461. What is k(-62)?
205
Let y(o) = -5*o**3 + 16*o**2 - 36*o + 97. Give y(3).
-2
Let k(c) = 27*c + 108. What is k(15)?
513
Let v(a) = a**2 + 4*a - 46. What is v(6)?
14
Let i(h) = -2*h**2 - 36*h + 453. Give i(9).
-33
Let k(z) = 2*z**3 + 24*z**2 + 72*z - 42. What is k(-5)?
-52
Let u(i) = -7*i**2 + 3*i + 107. Give u(0).
107
Let o(s) = s**2 + 158*s + 771. Calculate o(-153).
6
Let f(c) = 2*c**2 - 183*c + 1484. Determine f(9).
-1
Let w(i) = i**2 - 72*i + 651. Determine w(11).
-20
Let n(g) = -6*g - 362. Determine n(-53).
-44
Let q(a) = 3*a**3 - 13*a**2 + 12*a + 100. Determine q(-4).
-348
Let m(d) = 570*d + 571. What is m(-1)?
1
Let k(r) = -13*r + 358. Calculate k(27).
7
Let d(g) = -g**3 + 14*g**2 - 13*g + 23. Determine d(13).
23
Let s(q) = -2*q**2 + 55*q + 15924. Calculate s(104).
12
Let k(x) = 247*x - 3944. Give k(16).
8
Let l(k) = 12*k**3 + 3*k**2 + 114*k + 356. Determine l(-3).
-283
Let a(b) = 3*b**2 + 161*b + 110. Determine a(-50).
-440
Let g(t) = t**2 - 9*t + 43. Calculate g(17).
179
Let q(p) = -5*p**3 - 150*p**2 + 9*p + 102. Give q(-30).
-168
Let a(f) = -f**2 + 24*f + 215. Calculate a(-7).
-2
Let m(s) = -s**2 + s - 48. Give m(0).
-48
Let m(i) = i**2 + 43*i + 370. Give m(-21).
-92
Let u(j) = -j**3 + 424*j - 481. Calculate u(20).
-1
Let l(k) = k**2 + 216*k - 654. What is l(3)?
3
Let b(u) = -5*u**2 + 88*u - 51. Give b(17).
0
Let j(u) = -554*u + 253174. Determine j(457).
-4
Let o(g) = 4271*g + 59790. What is o(-14)?
-4
Let i(x) = 730*x - 3646. What is i(5)?
4
Let u(v) = -v**2 - 93*v + 2839. What is u(-118)?
-111
Let y(f) = 687*f - 7554. Determine y(11).
3
Let r(k) = -39*k + 359. Calculate r(29).
-772
Let k(d) = d**2 - 58*d + 125. Determine k(54).
-91
Let q(l) = -903*l - 2712. What is q(-3)?
-3
Let y(t) = -342*t - 2466. Calculate y(-7).
-72
Let f(y) = y**3 - 24*y**2 - 354*y + 7. Give f(-10).
147
Let v(a) = a**2 + 28*a - 662. Determine v(-38).
-282
Let y(q) = 2*q**3 + 45*q**2 + 23*q + 120. Determine y(-22).
98
Let d(y) = -y**2 - 5556*y + 27800. Give d(5).
-5
Let z(l) = 49*l**2 - 239*l + 7. Give z(5).
37
Let m(u) = -4*u**2 - 170*u + 1154. What is m(6)?
-10
Let k(t) = -t**3 + 8*t**2 - 363*t + 2108. Determine k(6).
2
Let c(f) = -f**3 + 12*f**2 - 27*f + 70. Determine c(10).
0
Let h(o) = 4*o**2 - 61*o + 234. Calculate h(8).
2
Let z(v) = -22*v**3 + 3*v**2 + 3*v. Calculate z(-1).
22
Let h(q) = q**3 - 82*q**2 + 1238*q + 27. Determine h(20).
-13
Let c(k) = -3*k**3 + 38*k**2 - 30*k + 50. Calculate c(12).
-22
Let y(b) = -18*b + 83. Calculate y(6).
-25
Let j(r) = -r**3 + 27*r**2 - 88*r + 22. Determine j(4).
38
Let z(i) = 61*i + 805. Determine z(-13).
12
Let h(y) = -2*y**3 + 2*y**2 + 727*y + 1453. Determine h(-2).
23
Let j(w) = -7*w**2 - 44*w + 65. What is j(-13)?
-546
Let c(r) = -10*r + 334. Determine c(35).
-16
Let k(r) = -10*r**2 + 12*r - 8. Determine k(4).
-120
Let z(m) = 95*m + 1209. What is z(-13)?
-26
Let g(m) = -17*m**3 - 2*m**2 + 15*m - 29. Determine g(2).
-143
Let x(t) = -2*t**2 + 59*t - 353. Calculate x(7).
-38
Let p(t) = -3*t**3 - 11*t**2 + 54*t + 142. Determine p(-2).
14
Let n(v) = 2*v**2 - 70*v + 319. Calculate n(32).
127
Let l(r) = 609*r + 1211. Calculate l(-3).
-616
Let v(c) = -c**3 - 20*c**2 - 72*c - 21. Determine v(-16).
107
Let w(u) = -13*u + 6. Calculate w(-1).
19
Let s(y) = 8*y - 132. Calculate s(6).
-84
Let s(m) = 84*m + 587. Calculate s(-7).
-1
Let r(w) = w**3 + 40*w**2 + 117*w + 4679. Give r(-40).
-1
Let t(r) = 703*r + 59059. What is t(-84)?
7
Let h(w) = -2*w**2 - 99*w + 2868. Calculate h(-70).
-2
Let b(h) = 8*h**2 - 34*h + 265. Calculate b(10).
725
Let y(o) = -o**3 - 32*o**2 + 61*o - 75. What is y(-34)?
163
Let q(r) = -3*r**2 - 18*r + 18. Give q(-8).
-30
Let z(d) = -13*d - 665. Determine z(-54).
37
Let u(t) = 2*t**3 + 6*t**2 + 6*t + 15. What is u(-4)?
-41
Let l(r) = 24*r**2 - 225*r + 1372. Give l(6).
886
Let x(n) = -50*n**2 + 5*n - 6. What is x(1)?
-51
Let l(r) = -r**3 - 10*r**2 + 22*r - 78. Give l(-10).
-298
Let i(p) = p**3 - 7*p**2 - 5*p - 153. Determine i(9).
-36
Let k(s) = -309*s + 20713. Calculate k(67).
10
Let s(i) = 9*i + 12. What is s(11)?
111
Let g(c) = c**3 + 9*c**2 + 89. What is g(-11)?
-153
Let b(h) = 3*h**2 - 31*h - 86. Give b(16).
186
Let m(j) = -3*j**3 + 91*j**2 + 49*j + 399. Calculate m(31).
-4
Let b(k) = -k**2 - 59*k - 424. Give b(-8).
-16
Let r(n) = n**3 + 22*n**2 + 15*n + 250. Determine r(-19).
1048
Let j(y) = y**3 + 30*y**2 - 6. What is j(-30)?
-6
Let t(u) = 515*u + 1027. Determine t(-2).
-3
Let p(r) = 551*r + 2730. Determine p(-5).
-25
Let g(d) = 74*d + 805. Calculate g(-11).
-9
Let v(a) = -34*a**2 - 366*a + 37. What is v(-10)?
297
Let j(c) = -c**3 - 30*c**2 + 33*c + 63. Calculate j(-31).
1
Let s(m) = -4438*m + 35408. Determine s(8).
-96
Let p(i) = -4*i**2 - 3*i + 105. Give p(-6).
-21
Let p(a) = 117*a - 4096. What is p(35)?
-1
Let o(c) = 12*c**2 - 1203*c + 2650. What is o(98)?
4
Let j(z) = z**3 + 36*z**2 - 295*z + 270. Calculate j(-43).
12
Let f(g) = -g**2 + 30*g - 57. What is f(28)?
-1
Let h(t) = 25*t + 1030. What is h(-41)?
5
Let b(s) = 6*s**3 - 6*s**2 - 10*s - 11. Give b(-1).
-13
Let y(j) = 3*j**2 - 151*j + 937. What is y(43)?
-9
Let p(v) = 95*v + 450. What is p(-5)?
-25
Let v(t) = -10*t**2 + 334*t - 127. What is v(33)?
5
Let m(v) = 2*v**2 - 18*v + 5. Calculate m(13).
109
Let q(a) = -2*a**3 - 297*a**2 - 175*a - 3993. Calculate q(-148).
3
Let b(m) = 255*m - 522. Give b(2).
-12
Let d(i) = -i**2 + 31*i - 142. What is d(25)?
8
Let b(i) = -2*i**3 - 16*i**2 - 5*i + 43. Calculate b(-6).
-71
Let a(t) = -54*t - 26. Calculate a(2).
-134
Let m(w) = -5*w**2 - 10*w + 13. Give m(1).
-2
Let x(c) = -16*c**2 + 469*c + 330. Determine x(30).
0
Let l(k) = 384*k + 13069. Determine l(-34).
13
Let h(r) = -r**3 + 34*r**2 - 258*r - 116. Calculate h(22).
16
Let r(c) = c**3 - 24*c**2 + 159*c - 985. What is r(18)?
-67
Let y(k) = -68*k + 3487. What is y(49)?
155
Let v(z) = -z**2 + 1416*z - 7026. Determine v(5).
29
Let s(y) = 4*y**2 - 307*y + 515. What is s(75)?
-10
Let k(c) = c**3 + 2*c**2 + 6*c - 1. Calculate k(1).
8
Let l(n) = -31*n**2 + 161*n - 20. Give l(5).
10
Let r(b) = -b**3 - 9*b**2 + 26*b + 204. Determine r(-10).
44
Let y(p) = -p**3 + 66*p**2 - 7*p + 496. What is y(66)?
34
Let y(l) = -l**3 - l**2 + 330*l - 13. Calculate y(0).
-13
Let b(d) = -d**3 - 29*d**2 + 31*d + 56. Calculate b(-30).
26
Let t(y) = 212*y + 14190. Determine t(-67).
-14
Let a(m) = -9*m + 216. Determine a(34).
-90
Let y(q) = -2*q**3 - 4*q**2 + 18*q - 2. Give y(3).
-38
Let g(q) = -17*q**2 + 25*q - 1. Give g(1).
7
Let v(h) = 3*h**3 - 16*h**2 - 91*h + 478. What is v(6)?
4
Let a(s) = 30*s**3 - 28*s**2 - 35*s - 5. Calculate a(-1).
-28
Let b(x) = x**3 + 171*x**2 - 5573*x - 207. What is b(-199)?
-8
Let o(a) = a**3 - 74*a**2 + 67*a + 435. Determine o(73).
-3
Let m(l) = -3*l**2 + 50*l - 53. What is m(15)?
22
Let i(l) = 2*l**3 + 89*l**2 + 214*l + 189. What is i(-42)?
21
Let b(v) = -3*v**2 + 148*v - 430. What is b(3)?
-13
Let a(m) = 4*m**2 - 208*m + 771. Calculate a(4).
3
Let l(w) = w**3 - 8*w**2 + 12*w + 12. Give l(3).
3
Let k(x) = x**2 - 158*x + 2760. Give k(20).
0
Let v(m) = -6*m**3 + 11*m**2. Give v(0).
0
Let a(y) = 43*y + 607. Give a(-17).
-124
Let u(a) = -5*a**2 - 197*a + 110. What is u(-40)?
-10
Let y(p) = 55*p + 685. Give y(-12).
25
Let u(o) = -3*o**2 - 104*o - 702. What is u(-9)?
-9
Let t(o) = -10*o - 104. Calculate t(-6).
-44
Let d(a) = a**2 + 9*a - 300. What is d(12)?
-48
Let l(c) = -86*c + 209. What is l(2)?
37
Let y(o) = 8*o**2 - 34*o - 8. Give y(4)